{"id":144,"date":"2021-06-30T12:42:11","date_gmt":"2021-06-30T12:42:11","guid":{"rendered":"https:\/\/pmo-wohnen.de\/?page_id=144"},"modified":"2026-03-25T15:09:01","modified_gmt":"2026-03-25T15:09:01","slug":"vermietung","status":"publish","type":"page","link":"https:\/\/pmo-wohnen.de\/?page_id=144","title":{"rendered":"Vermietung"},"content":{"rendered":"\t\t<div data-elementor-type=\"wp-page\" data-elementor-id=\"144\" class=\"elementor elementor-144\">\n\t\t\t\t\t\t<section class=\"elementor-section elementor-top-section elementor-element elementor-element-24dcbd35 elementor-section-boxed elementor-section-height-default elementor-section-height-default\" data-id=\"24dcbd35\" data-element_type=\"section\" data-e-type=\"section\">\n\t\t\t\t\t\t<div class=\"elementor-container elementor-column-gap-default\">\n\t\t\t\t\t<div class=\"elementor-column elementor-col-100 elementor-top-column elementor-element elementor-element-297f4d0c\" data-id=\"297f4d0c\" data-element_type=\"column\" data-e-type=\"column\">\n\t\t\t<div class=\"elementor-widget-wrap elementor-element-populated\">\n\t\t\t\t\t\t<div class=\"elementor-element elementor-element-2d4b711f elementor-widget elementor-widget-text-editor\" data-id=\"2d4b711f\" data-element_type=\"widget\" data-e-type=\"widget\" data-widget_type=\"text-editor.default\">\n\t\t\t\t<div class=\"elementor-widget-container\">\n\t\t\t\t\t\t\t\t\t<p><strong>Nachfolgend finden Sie die Mietpreise und die Belegungsm\u00f6glichkeiten f\u00fcr die 36 Wohnungen, die in den drei baugleichen H\u00e4usern mit jeweils 12 Wohnungen in der Breslauer Stra\u00dfe 2, 5, 7 in Husum entstehen.<\/strong><\/p><p><b>Von den 36 Wohnungen sind 25 Wohnungen gef\u00f6rdert. F\u00fcr die Anmietung einer gef\u00f6rderten Wohnung wird ein Wohnberechtigungsschein ben\u00f6tigt.<\/b><\/p><p><b>Die Wohnungen sind erst ab Sommer 2026 bezugsfertig. Die Vermietungsphase der Wohnungen mit Besichtigungsterminen beginnt erst im Juni 2026. Bis zum Start der Besichtigungstermine k\u00f6nnen keine Wohnungen reserviert werden. Es kann lediglich sein Interesse f\u00fcr Wohnungen hinterlegt werden.<\/b><\/p><p><strong>Voraussichtliche Bezugsfertigstellung:<\/strong><\/p><p><strong>Breslauer Stra\u00dfe 5: 01.08.2026<\/strong><\/p><p><strong>Breslauer Stra\u00dfe 7: 01.08.2026<\/strong><\/p><p><strong>Breslauer Stra\u00dfe 2: 01.09.2026<\/strong><\/p><p><b>Ausstattung der Wohnungen:\u00a0<\/b><b style=\"font-size: 14px;\">Einbauk\u00fcche, Fu\u00dfbodenheizung, Designboden in Holzoptik, dezentrales L\u00fcftungssystem, Balkon oder Terrasse, Glasfaseranschluss, Aufzug, Heizung W\u00e4rmepumpe<\/b><\/p><p><b>Ein PKW-Stellplatz kann f\u00fcr 30 \u20ac \/ Monat angemietet werden.<\/b><\/p>\t\t\t\t\t\t\t\t<\/div>\n\t\t\t\t<\/div>\n\t\t\t\t\t<\/div>\n\t\t<\/div>\n\t\t\t\t\t<\/div>\n\t\t<\/section>\n\t\t\t\t<section class=\"elementor-section elementor-top-section elementor-element elementor-element-36f7f0a elementor-section-boxed elementor-section-height-default elementor-section-height-default\" data-id=\"36f7f0a\" data-element_type=\"section\" data-e-type=\"section\">\n\t\t\t\t\t\t<div class=\"elementor-container elementor-column-gap-default\">\n\t\t\t\t\t\t<\/div>\n\t\t<\/section>\n\t\t\t\t<section class=\"elementor-section elementor-top-section elementor-element elementor-element-3c247f8 elementor-section-boxed elementor-section-height-default elementor-section-height-default\" data-id=\"3c247f8\" data-element_type=\"section\" data-e-type=\"section\">\n\t\t\t\t\t\t<div class=\"elementor-container elementor-column-gap-default\">\n\t\t\t\t\t\t<\/div>\n\t\t<\/section>\n\t\t\t\t<section class=\"elementor-section elementor-top-section elementor-element elementor-element-8b11244 elementor-section-boxed elementor-section-height-default elementor-section-height-default\" data-id=\"8b11244\" data-element_type=\"section\" data-e-type=\"section\">\n\t\t\t\t\t\t<div class=\"elementor-container elementor-column-gap-default\">\n\t\t\t\t\t\t<\/div>\n\t\t<\/section>\n\t\t\t\t<section class=\"elementor-section elementor-top-section elementor-element elementor-element-c6ec700 elementor-section-boxed elementor-section-height-default elementor-section-height-default\" data-id=\"c6ec700\" data-element_type=\"section\" data-e-type=\"section\">\n\t\t\t\t\t\t<div class=\"elementor-container elementor-column-gap-default\">\n\t\t\t\t\t\t<\/div>\n\t\t<\/section>\n\t\t\t\t<section class=\"elementor-section elementor-top-section elementor-element elementor-element-f999729 elementor-section-boxed elementor-section-height-default elementor-section-height-default\" data-id=\"f999729\" data-element_type=\"section\" data-e-type=\"section\">\n\t\t\t\t\t\t<div class=\"elementor-container elementor-column-gap-default\">\n\t\t\t\t\t\t<\/div>\n\t\t<\/section>\n\t\t\t\t<section class=\"elementor-section elementor-top-section elementor-element elementor-element-c936a46 elementor-section-boxed elementor-section-height-default elementor-section-height-default\" data-id=\"c936a46\" data-element_type=\"section\" data-e-type=\"section\">\n\t\t\t\t\t\t<div class=\"elementor-container elementor-column-gap-default\">\n\t\t\t\t\t\t<\/div>\n\t\t<\/section>\n\t\t\t\t<section class=\"elementor-section elementor-top-section elementor-element elementor-element-3832471 elementor-section-boxed elementor-section-height-default elementor-section-height-default\" data-id=\"3832471\" data-element_type=\"section\" data-e-type=\"section\">\n\t\t\t\t\t\t<div class=\"elementor-container elementor-column-gap-default\">\n\t\t\t\t\t\t<\/div>\n\t\t<\/section>\n\t\t\t\t<section class=\"elementor-section elementor-top-section elementor-element elementor-element-68c14dc elementor-section-boxed elementor-section-height-default elementor-section-height-default\" data-id=\"68c14dc\" data-element_type=\"section\" data-e-type=\"section\">\n\t\t\t\t\t\t<div class=\"elementor-container elementor-column-gap-default\">\n\t\t\t\t\t\t<\/div>\n\t\t<\/section>\n\t\t\t\t<section class=\"elementor-section elementor-top-section elementor-element elementor-element-ddd6869 elementor-section-boxed elementor-section-height-default elementor-section-height-default\" data-id=\"ddd6869\" data-element_type=\"section\" data-e-type=\"section\">\n\t\t\t\t\t\t<div class=\"elementor-container elementor-column-gap-default\">\n\t\t\t\t\t\t<\/div>\n\t\t<\/section>\n\t\t\t\t<section class=\"elementor-section elementor-top-section elementor-element elementor-element-a5418c9 elementor-section-boxed elementor-section-height-default elementor-section-height-default\" data-id=\"a5418c9\" data-element_type=\"section\" data-e-type=\"section\">\n\t\t\t\t\t\t<div class=\"elementor-container elementor-column-gap-default\">\n\t\t\t\t\t<div class=\"elementor-column elementor-col-100 elementor-top-column elementor-element elementor-element-a36d23c\" data-id=\"a36d23c\" data-element_type=\"column\" data-e-type=\"column\">\n\t\t\t<div class=\"elementor-widget-wrap elementor-element-populated\">\n\t\t\t\t\t\t<div class=\"elementor-element elementor-element-383e55a elementor-widget elementor-widget-heading\" data-id=\"383e55a\" data-element_type=\"widget\" data-e-type=\"widget\" data-widget_type=\"heading.default\">\n\t\t\t\t<div class=\"elementor-widget-container\">\n\t\t\t\t\t<h2 class=\"elementor-heading-title elementor-size-default\">Mietpreise:<\/h2>\t\t\t\t<\/div>\n\t\t\t\t<\/div>\n\t\t\t\t\t<\/div>\n\t\t<\/div>\n\t\t\t\t\t<\/div>\n\t\t<\/section>\n\t\t\t\t<section class=\"elementor-section elementor-top-section elementor-element elementor-element-8710d34 elementor-section-boxed elementor-section-height-default elementor-section-height-default\" data-id=\"8710d34\" data-element_type=\"section\" data-e-type=\"section\">\n\t\t\t\t\t\t<div class=\"elementor-container elementor-column-gap-default\">\n\t\t\t\t\t<div class=\"elementor-column elementor-col-100 elementor-top-column elementor-element elementor-element-f830516\" data-id=\"f830516\" data-element_type=\"column\" data-e-type=\"column\">\n\t\t\t<div class=\"elementor-widget-wrap elementor-element-populated\">\n\t\t\t\t\t\t<div class=\"elementor-element elementor-element-bb6b73e elementor-widget elementor-widget-image\" data-id=\"bb6b73e\" data-element_type=\"widget\" data-e-type=\"widget\" data-widget_type=\"image.default\">\n\t\t\t\t<div class=\"elementor-widget-container\">\n\t\t\t\t\t\t\t\t\t\t\t\t\t\t\t<img fetchpriority=\"high\" decoding=\"async\" width=\"1024\" height=\"272\" src=\"https:\/\/pmo-wohnen.de\/wp-content\/uploads\/2026\/03\/Mietpreise-Breslauer-Strasse-2_hohere-BK-HK-2-1024x272.jpg\" class=\"attachment-large size-large wp-image-693\" alt=\"\" srcset=\"https:\/\/pmo-wohnen.de\/wp-content\/uploads\/2026\/03\/Mietpreise-Breslauer-Strasse-2_hohere-BK-HK-2-1024x272.jpg 1024w, https:\/\/pmo-wohnen.de\/wp-content\/uploads\/2026\/03\/Mietpreise-Breslauer-Strasse-2_hohere-BK-HK-2-300x80.jpg 300w, https:\/\/pmo-wohnen.de\/wp-content\/uploads\/2026\/03\/Mietpreise-Breslauer-Strasse-2_hohere-BK-HK-2-768x204.jpg 768w, https:\/\/pmo-wohnen.de\/wp-content\/uploads\/2026\/03\/Mietpreise-Breslauer-Strasse-2_hohere-BK-HK-2.jpg 1478w\" sizes=\"(max-width: 1024px) 100vw, 1024px\" \/>\t\t\t\t\t\t\t\t\t\t\t\t\t\t\t<\/div>\n\t\t\t\t<\/div>\n\t\t\t\t\t<\/div>\n\t\t<\/div>\n\t\t\t\t\t<\/div>\n\t\t<\/section>\n\t\t\t\t<section class=\"elementor-section elementor-top-section elementor-element elementor-element-f2a1b4f elementor-section-boxed elementor-section-height-default elementor-section-height-default\" data-id=\"f2a1b4f\" data-element_type=\"section\" data-e-type=\"section\">\n\t\t\t\t\t\t<div class=\"elementor-container elementor-column-gap-default\">\n\t\t\t\t\t<div class=\"elementor-column elementor-col-100 elementor-top-column elementor-element elementor-element-da4cac9\" data-id=\"da4cac9\" data-element_type=\"column\" data-e-type=\"column\">\n\t\t\t<div class=\"elementor-widget-wrap elementor-element-populated\">\n\t\t\t\t\t\t<div class=\"elementor-element elementor-element-aada140 elementor-widget elementor-widget-image\" data-id=\"aada140\" data-element_type=\"widget\" data-e-type=\"widget\" data-widget_type=\"image.default\">\n\t\t\t\t<div class=\"elementor-widget-container\">\n\t\t\t\t\t\t\t\t\t\t\t\t\t\t\t<img decoding=\"async\" width=\"1024\" height=\"275\" src=\"https:\/\/pmo-wohnen.de\/wp-content\/uploads\/2026\/03\/Mietpreise-Breslauer-Strasse-5_hohere-BK-HK-2-1024x275.jpg\" class=\"attachment-large size-large wp-image-694\" alt=\"\" srcset=\"https:\/\/pmo-wohnen.de\/wp-content\/uploads\/2026\/03\/Mietpreise-Breslauer-Strasse-5_hohere-BK-HK-2-1024x275.jpg 1024w, https:\/\/pmo-wohnen.de\/wp-content\/uploads\/2026\/03\/Mietpreise-Breslauer-Strasse-5_hohere-BK-HK-2-300x80.jpg 300w, https:\/\/pmo-wohnen.de\/wp-content\/uploads\/2026\/03\/Mietpreise-Breslauer-Strasse-5_hohere-BK-HK-2-768x206.jpg 768w, https:\/\/pmo-wohnen.de\/wp-content\/uploads\/2026\/03\/Mietpreise-Breslauer-Strasse-5_hohere-BK-HK-2.jpg 1480w\" sizes=\"(max-width: 1024px) 100vw, 1024px\" \/>\t\t\t\t\t\t\t\t\t\t\t\t\t\t\t<\/div>\n\t\t\t\t<\/div>\n\t\t\t\t\t<\/div>\n\t\t<\/div>\n\t\t\t\t\t<\/div>\n\t\t<\/section>\n\t\t\t\t<section class=\"elementor-section elementor-top-section elementor-element elementor-element-5a5f9ec elementor-section-boxed elementor-section-height-default elementor-section-height-default\" data-id=\"5a5f9ec\" data-element_type=\"section\" data-e-type=\"section\">\n\t\t\t\t\t\t<div class=\"elementor-container elementor-column-gap-default\">\n\t\t\t\t\t<div class=\"elementor-column elementor-col-100 elementor-top-column elementor-element elementor-element-e43b9ae\" data-id=\"e43b9ae\" data-element_type=\"column\" data-e-type=\"column\">\n\t\t\t<div class=\"elementor-widget-wrap elementor-element-populated\">\n\t\t\t\t\t\t<div class=\"elementor-element elementor-element-e65a535 elementor-widget elementor-widget-image\" data-id=\"e65a535\" data-element_type=\"widget\" data-e-type=\"widget\" data-widget_type=\"image.default\">\n\t\t\t\t<div class=\"elementor-widget-container\">\n\t\t\t\t\t\t\t\t\t\t\t\t\t\t\t<img decoding=\"async\" width=\"1024\" height=\"275\" src=\"https:\/\/pmo-wohnen.de\/wp-content\/uploads\/2026\/03\/Mietpreise-Breslauer-Strasse-7_hohere-BK-HK-2-1024x275.jpg\" class=\"attachment-large size-large wp-image-695\" alt=\"\" srcset=\"https:\/\/pmo-wohnen.de\/wp-content\/uploads\/2026\/03\/Mietpreise-Breslauer-Strasse-7_hohere-BK-HK-2-1024x275.jpg 1024w, https:\/\/pmo-wohnen.de\/wp-content\/uploads\/2026\/03\/Mietpreise-Breslauer-Strasse-7_hohere-BK-HK-2-300x81.jpg 300w, https:\/\/pmo-wohnen.de\/wp-content\/uploads\/2026\/03\/Mietpreise-Breslauer-Strasse-7_hohere-BK-HK-2-768x206.jpg 768w, https:\/\/pmo-wohnen.de\/wp-content\/uploads\/2026\/03\/Mietpreise-Breslauer-Strasse-7_hohere-BK-HK-2.jpg 1484w\" sizes=\"(max-width: 1024px) 100vw, 1024px\" \/>\t\t\t\t\t\t\t\t\t\t\t\t\t\t\t<\/div>\n\t\t\t\t<\/div>\n\t\t\t\t\t<\/div>\n\t\t<\/div>\n\t\t\t\t\t<\/div>\n\t\t<\/section>\n\t\t\t\t<section class=\"elementor-section elementor-top-section elementor-element elementor-element-6e3e906 elementor-section-boxed elementor-section-height-default elementor-section-height-default\" data-id=\"6e3e906\" data-element_type=\"section\" data-e-type=\"section\">\n\t\t\t\t\t\t<div class=\"elementor-container elementor-column-gap-default\">\n\t\t\t\t\t<div class=\"elementor-column elementor-col-100 elementor-top-column elementor-element elementor-element-9b0ec23\" data-id=\"9b0ec23\" data-element_type=\"column\" data-e-type=\"column\">\n\t\t\t<div class=\"elementor-widget-wrap elementor-element-populated\">\n\t\t\t\t\t\t<div class=\"elementor-element elementor-element-070811e elementor-widget elementor-widget-heading\" data-id=\"070811e\" data-element_type=\"widget\" data-e-type=\"widget\" data-widget_type=\"heading.default\">\n\t\t\t\t<div class=\"elementor-widget-container\">\n\t\t\t\t\t<h2 class=\"elementor-heading-title elementor-size-default\">Belegungsm\u00f6glichkeiten hinsichtlich der Haushaltsgr\u00f6\u00dfen:<\/h2>\t\t\t\t<\/div>\n\t\t\t\t<\/div>\n\t\t\t\t\t<\/div>\n\t\t<\/div>\n\t\t\t\t\t<\/div>\n\t\t<\/section>\n\t\t\t\t<section class=\"elementor-section elementor-top-section elementor-element elementor-element-9b0a034 elementor-section-boxed elementor-section-height-default elementor-section-height-default\" data-id=\"9b0a034\" data-element_type=\"section\" data-e-type=\"section\">\n\t\t\t\t\t\t<div class=\"elementor-container elementor-column-gap-default\">\n\t\t\t\t\t<div class=\"elementor-column elementor-col-100 elementor-top-column elementor-element elementor-element-447e1fb\" data-id=\"447e1fb\" data-element_type=\"column\" data-e-type=\"column\">\n\t\t\t<div class=\"elementor-widget-wrap elementor-element-populated\">\n\t\t\t\t\t\t<div class=\"elementor-element elementor-element-71ce01e elementor-widget elementor-widget-image\" data-id=\"71ce01e\" data-element_type=\"widget\" data-e-type=\"widget\" data-widget_type=\"image.default\">\n\t\t\t\t<div class=\"elementor-widget-container\">\n\t\t\t\t\t\t\t\t\t\t\t\t\t\t\t<img loading=\"lazy\" decoding=\"async\" width=\"1024\" height=\"286\" src=\"https:\/\/pmo-wohnen.de\/wp-content\/uploads\/2025\/11\/Belegung-Breslauer-Strasse-2_2-1024x286.jpg\" class=\"attachment-large size-large wp-image-650\" alt=\"\" srcset=\"https:\/\/pmo-wohnen.de\/wp-content\/uploads\/2025\/11\/Belegung-Breslauer-Strasse-2_2-1024x286.jpg 1024w, https:\/\/pmo-wohnen.de\/wp-content\/uploads\/2025\/11\/Belegung-Breslauer-Strasse-2_2-300x84.jpg 300w, https:\/\/pmo-wohnen.de\/wp-content\/uploads\/2025\/11\/Belegung-Breslauer-Strasse-2_2-768x214.jpg 768w, https:\/\/pmo-wohnen.de\/wp-content\/uploads\/2025\/11\/Belegung-Breslauer-Strasse-2_2-1536x428.jpg 1536w, https:\/\/pmo-wohnen.de\/wp-content\/uploads\/2025\/11\/Belegung-Breslauer-Strasse-2_2-2048x571.jpg 2048w\" sizes=\"(max-width: 1024px) 100vw, 1024px\" \/>\t\t\t\t\t\t\t\t\t\t\t\t\t\t\t<\/div>\n\t\t\t\t<\/div>\n\t\t\t\t\t<\/div>\n\t\t<\/div>\n\t\t\t\t\t<\/div>\n\t\t<\/section>\n\t\t\t\t<section class=\"elementor-section elementor-top-section elementor-element elementor-element-b826fb9 elementor-section-boxed elementor-section-height-default elementor-section-height-default\" data-id=\"b826fb9\" data-element_type=\"section\" data-e-type=\"section\">\n\t\t\t\t\t\t<div class=\"elementor-container elementor-column-gap-default\">\n\t\t\t\t\t<div class=\"elementor-column elementor-col-100 elementor-top-column elementor-element elementor-element-7f2b97c\" data-id=\"7f2b97c\" data-element_type=\"column\" data-e-type=\"column\">\n\t\t\t<div class=\"elementor-widget-wrap elementor-element-populated\">\n\t\t\t\t\t\t<div class=\"elementor-element elementor-element-eb44a71 elementor-widget elementor-widget-image\" data-id=\"eb44a71\" data-element_type=\"widget\" data-e-type=\"widget\" data-widget_type=\"image.default\">\n\t\t\t\t<div class=\"elementor-widget-container\">\n\t\t\t\t\t\t\t\t\t\t\t\t\t\t\t<img loading=\"lazy\" decoding=\"async\" width=\"1024\" height=\"285\" src=\"https:\/\/pmo-wohnen.de\/wp-content\/uploads\/2025\/11\/Belegung-Breslauer-Strasse-5_2-1024x285.jpg\" class=\"attachment-large size-large wp-image-651\" alt=\"\" srcset=\"https:\/\/pmo-wohnen.de\/wp-content\/uploads\/2025\/11\/Belegung-Breslauer-Strasse-5_2-1024x285.jpg 1024w, https:\/\/pmo-wohnen.de\/wp-content\/uploads\/2025\/11\/Belegung-Breslauer-Strasse-5_2-300x84.jpg 300w, https:\/\/pmo-wohnen.de\/wp-content\/uploads\/2025\/11\/Belegung-Breslauer-Strasse-5_2-768x214.jpg 768w, https:\/\/pmo-wohnen.de\/wp-content\/uploads\/2025\/11\/Belegung-Breslauer-Strasse-5_2-1536x428.jpg 1536w, https:\/\/pmo-wohnen.de\/wp-content\/uploads\/2025\/11\/Belegung-Breslauer-Strasse-5_2-2048x570.jpg 2048w\" sizes=\"(max-width: 1024px) 100vw, 1024px\" \/>\t\t\t\t\t\t\t\t\t\t\t\t\t\t\t<\/div>\n\t\t\t\t<\/div>\n\t\t\t\t\t<\/div>\n\t\t<\/div>\n\t\t\t\t\t<\/div>\n\t\t<\/section>\n\t\t\t\t<section class=\"elementor-section elementor-top-section elementor-element elementor-element-8ce0638 elementor-section-boxed elementor-section-height-default elementor-section-height-default\" data-id=\"8ce0638\" data-element_type=\"section\" data-e-type=\"section\">\n\t\t\t\t\t\t<div class=\"elementor-container elementor-column-gap-default\">\n\t\t\t\t\t<div class=\"elementor-column elementor-col-100 elementor-top-column elementor-element elementor-element-69a735c\" data-id=\"69a735c\" data-element_type=\"column\" data-e-type=\"column\">\n\t\t\t<div class=\"elementor-widget-wrap elementor-element-populated\">\n\t\t\t\t\t\t<div class=\"elementor-element elementor-element-c8d9d0f elementor-widget elementor-widget-image\" data-id=\"c8d9d0f\" data-element_type=\"widget\" data-e-type=\"widget\" data-widget_type=\"image.default\">\n\t\t\t\t<div class=\"elementor-widget-container\">\n\t\t\t\t\t\t\t\t\t\t\t\t\t\t\t<img loading=\"lazy\" decoding=\"async\" width=\"1024\" height=\"285\" src=\"https:\/\/pmo-wohnen.de\/wp-content\/uploads\/2025\/11\/Belegung-Breslauer-Strasse-7_2-1024x285.jpg\" class=\"attachment-large size-large wp-image-652\" alt=\"\" srcset=\"https:\/\/pmo-wohnen.de\/wp-content\/uploads\/2025\/11\/Belegung-Breslauer-Strasse-7_2-1024x285.jpg 1024w, https:\/\/pmo-wohnen.de\/wp-content\/uploads\/2025\/11\/Belegung-Breslauer-Strasse-7_2-300x84.jpg 300w, https:\/\/pmo-wohnen.de\/wp-content\/uploads\/2025\/11\/Belegung-Breslauer-Strasse-7_2-768x214.jpg 768w, https:\/\/pmo-wohnen.de\/wp-content\/uploads\/2025\/11\/Belegung-Breslauer-Strasse-7_2-1536x428.jpg 1536w, https:\/\/pmo-wohnen.de\/wp-content\/uploads\/2025\/11\/Belegung-Breslauer-Strasse-7_2-2048x570.jpg 2048w\" sizes=\"(max-width: 1024px) 100vw, 1024px\" \/>\t\t\t\t\t\t\t\t\t\t\t\t\t\t\t<\/div>\n\t\t\t\t<\/div>\n\t\t\t\t\t<\/div>\n\t\t<\/div>\n\t\t\t\t\t<\/div>\n\t\t<\/section>\n\t\t\t\t<\/div>\n\t\t","protected":false},"excerpt":{"rendered":"<p>Nachfolgend finden Sie die Mietpreise und die Belegungsm\u00f6glichkeiten f\u00fcr die 36 Wohnungen, die in den drei baugleichen H\u00e4usern mit jeweils 12 Wohnungen in der Breslauer Stra\u00dfe 2, 5, 7 in Husum entstehen. Von den 36 Wohnungen sind 25 Wohnungen gef\u00f6rdert. F\u00fcr die Anmietung einer gef\u00f6rderten Wohnung wird ein Wohnberechtigungsschein ben\u00f6tigt. Die Wohnungen sind erst ab [&hellip;]<\/p>\n","protected":false},"author":1,"featured_media":0,"parent":0,"menu_order":0,"comment_status":"closed","ping_status":"closed","template":"","meta":{"ocean_post_layout":"","ocean_both_sidebars_style":"","ocean_both_sidebars_content_width":0,"ocean_both_sidebars_sidebars_width":0,"ocean_sidebar":"0","ocean_second_sidebar":"0","ocean_disable_margins":"enable","ocean_add_body_class":"","ocean_shortcode_before_top_bar":"","ocean_shortcode_after_top_bar":"","ocean_shortcode_before_header":"","ocean_shortcode_after_header":"","ocean_has_shortcode":"","ocean_shortcode_after_title":"","ocean_shortcode_before_footer_widgets":"","ocean_shortcode_after_footer_widgets":"","ocean_shortcode_before_footer_bottom":"","ocean_shortcode_after_footer_bottom":"","ocean_display_top_bar":"default","ocean_display_header":"default","ocean_header_style":"","ocean_center_header_left_menu":"0","ocean_custom_header_template":"0","ocean_custom_logo":0,"ocean_custom_retina_logo":0,"ocean_custom_logo_max_width":0,"ocean_custom_logo_tablet_max_width":0,"ocean_custom_logo_mobile_max_width":0,"ocean_custom_logo_max_height":0,"ocean_custom_logo_tablet_max_height":0,"ocean_custom_logo_mobile_max_height":0,"ocean_header_custom_menu":"0","ocean_menu_typo_font_family":"0","ocean_menu_typo_font_subset":"","ocean_menu_typo_font_size":0,"ocean_menu_typo_font_size_tablet":0,"ocean_menu_typo_font_size_mobile":0,"ocean_menu_typo_font_size_unit":"px","ocean_menu_typo_font_weight":"","ocean_menu_typo_font_weight_tablet":"","ocean_menu_typo_font_weight_mobile":"","ocean_menu_typo_transform":"","ocean_menu_typo_transform_tablet":"","ocean_menu_typo_transform_mobile":"","ocean_menu_typo_line_height":0,"ocean_menu_typo_line_height_tablet":0,"ocean_menu_typo_line_height_mobile":0,"ocean_menu_typo_line_height_unit":"","ocean_menu_typo_spacing":0,"ocean_menu_typo_spacing_tablet":0,"ocean_menu_typo_spacing_mobile":0,"ocean_menu_typo_spacing_unit":"","ocean_menu_link_color":"","ocean_menu_link_color_hover":"","ocean_menu_link_color_active":"","ocean_menu_link_background":"","ocean_menu_link_hover_background":"","ocean_menu_link_active_background":"","ocean_menu_social_links_bg":"","ocean_menu_social_hover_links_bg":"","ocean_menu_social_links_color":"","ocean_menu_social_hover_links_color":"","ocean_disable_title":"default","ocean_disable_heading":"default","ocean_post_title":"","ocean_post_subheading":"","ocean_post_title_style":"","ocean_post_title_background_color":"","ocean_post_title_background":0,"ocean_post_title_bg_image_position":"","ocean_post_title_bg_image_attachment":"","ocean_post_title_bg_image_repeat":"","ocean_post_title_bg_image_size":"","ocean_post_title_height":0,"ocean_post_title_bg_overlay":0.5,"ocean_post_title_bg_overlay_color":"","ocean_disable_breadcrumbs":"default","ocean_breadcrumbs_color":"","ocean_breadcrumbs_separator_color":"","ocean_breadcrumbs_links_color":"","ocean_breadcrumbs_links_hover_color":"","ocean_display_footer_widgets":"default","ocean_display_footer_bottom":"default","ocean_custom_footer_template":"0","footnotes":""},"class_list":["post-144","page","type-page","status-publish","hentry","entry"],"_links":{"self":[{"href":"https:\/\/pmo-wohnen.de\/index.php?rest_route=\/wp\/v2\/pages\/144","targetHints":{"allow":["GET"]}}],"collection":[{"href":"https:\/\/pmo-wohnen.de\/index.php?rest_route=\/wp\/v2\/pages"}],"about":[{"href":"https:\/\/pmo-wohnen.de\/index.php?rest_route=\/wp\/v2\/types\/page"}],"author":[{"embeddable":true,"href":"https:\/\/pmo-wohnen.de\/index.php?rest_route=\/wp\/v2\/users\/1"}],"replies":[{"embeddable":true,"href":"https:\/\/pmo-wohnen.de\/index.php?rest_route=%2Fwp%2Fv2%2Fcomments&post=144"}],"version-history":[{"count":143,"href":"https:\/\/pmo-wohnen.de\/index.php?rest_route=\/wp\/v2\/pages\/144\/revisions"}],"predecessor-version":[{"id":698,"href":"https:\/\/pmo-wohnen.de\/index.php?rest_route=\/wp\/v2\/pages\/144\/revisions\/698"}],"wp:attachment":[{"href":"https:\/\/pmo-wohnen.de\/index.php?rest_route=%2Fwp%2Fv2%2Fmedia&parent=144"}],"curies":[{"name":"wp","href":"https:\/\/api.w.org\/{rel}","templated":true}]}}